 -3 + -5 + 1 + 15 + -4.
9
Calculate (3 - -1) + -1 + 9 - 2.
10
(30 + -11 - 4) + -64 + 19
-30
What is 230 - 215 - (15 + 1)?
-1
0 + 0 - ((2 - -11) + -12 + -1)
0
What is the value of -5 - (17 + -15 + (-4 - (0 - -2)))?
-1
Evaluate -5 + (20 - (0 + 8)).
7
Calculate 1 + 32 - (-23 + 41).
15
What is the value of -3 + (-7 - -10 - 6)?
-6
Evaluate (11 + (-11 - -20) - 12 - 11) + 33.
30
What is -9 + 2 - (-37 + (-40 - -39))?
31
What is 20 + 8 - (1 - -2)?
25
-18 + 21 - -8 - 2
9
Calculate (22 - 37) + 8 + 0 + 3.
-4
Calculate -2 + 6 - ((-4 - 4) + (1 - -23)).
-12
Calculate 1 + (-6 - 3) + 3 + -4 + 1.
-8
Evaluate (-342 - -330) + (1 - -3).
-8
What is the value of (-11 - ((10 - 8) + -31)) + -11?
7
Evaluate 4 + 6 + 6 + 7.
23
What is the value of -7 - (-2 + -4 + (75 - 54) - -12)?
-34
Evaluate (6 - -14) + (-3 - (3 - -7 - 22)).
29
Calculate -10 + 3 + -3 + -2 + -1 + 2.
-11
12 + (10 - -1 - (-97 - -110))
10
Evaluate 12 - -23 - 16 - (1 + 7).
11
Calculate -1 - 7 - (427 - 449 - (-27 - -1)).
-12
What is 11 + -6 + 11 - (-14 + 10 + -5)?
25
What is the value of -9 + 1 + -522 + 538?
8
What is -49 + 71 - 21 - (2 + -21)?
20
What is the value of 0 - -3 - (-7 - -17)?
-7
18 - (8 - 2 - 3) - (10 + -6)
11
Evaluate 13 + (6 - (1 + (8 - 7)) - -2).
19
What is 2 - 4 - 3 - -2?
-3
-2 + 4 - ((-1 - 2) + -23 + 28)
0
Evaluate 5 - (14 - -6) - 3.
-18
What is 3 + 9 + 2 - 4?
10
What is 25 - 5 - (12 - -3) - 22?
-17
0 + -26 + (-2041 - -2100)
33
Evaluate (23 - 35) + (-2 + 0 - 1).
-15
What is (8 - 3) + (-26 - -38)?
17
-12 + -29 + 40 + -4 + 2 + 24
21
-13 + 8 + 10 + 3
8
What is -26 - -45 - -14 - 9?
24
What is the value of -8 - (2 + 7 - (-26 - -70))?
27
38 - -10 - 25 - 15
8
-20 + 34 - (7 + (1 - 1))
7
What is 5 - 2 - (0 + (2 - (7 + -6)))?
2
Evaluate -25 - -29 - (-1 - -3) - (7 + 1).
-6
Calculate -16 - (3 + -12) - -4.
-3
What is the value of -2 + 1 + -4 + (-7 - 3 - -28)?
13
Calculate -3 - 0 - (-2 - 4).
3
Calculate 4 + (-11 - -15) + (0 - -5).
13
Evaluate (-2 - -2) + 21 - (-37 - (-6 + -28)).
24
What is 1 + (-2 - (4 - 5 - -6))?
-6
Evaluate -7 + -18 - -32 - (43 + 2 + -4).
-34
(-15 + -4 + 4 - -8) + 2
-5
What is 1 - 14 - (3 + -5)?
-11
Calculate -9 + 16 - (5 - 4 - 3 - -2).
7
Evaluate -16 - (-43 - -24) - 28.
-25
Calculate -27 + (-6 - -26) + 4.
-3
What is (-183 - -223) + (-64 - 3)?
-27
What is -11 - (0 + 1) - (1 - -2)?
-15
What is the value of 37 + 12 + -44 + 9?
14
Evaluate -8 + 1 + (33 + -75 - -41).
-8
Evaluate -24 + 29 - (-30 + 16).
19
(-4 - 1) + -98 + 97
-6
-3 - (16 - 12) - -6
-1
What is the value of -5 + 0 + 5 + -6 + -9 + 1?
-14
Calculate 47 - 29 - (38 - 3).
-17
7 + ((-3 - -2) + 3 - -2)
11
What is the value of -1 + -8 + (20 - 24) + 16?
3
Calculate -5 + 9 + (4 - 12).
-4
Calculate 7 + 2 + (7 - (-1 - -20)) + -7.
-10
What is 30 + (-44 - -29) + 5?
20
What is the value of (-1 - -14) + (-5 - -6 - 36)?
-22
Calculate (-8 + 5 - 2) + 3 + -5 + 28.
21
What is the value of -2 - ((7 - 1) + (-8 - -5 - 4))?
-1
(-1 - -3 - 7) + -24 + -2 + 18
-13
Calculate 84 - 84 - (-4 - 14).
18
Calculate (28 - 0) + (34 + -49 - -6).
19
What is 31 + -33 - -30 - 26?
2
What is the value of (3 - 1) + -6 + -29 + 26?
-7
Evaluate 63 + -84 + (-1 - -11).
-11
What is the value of (36 - (-22 + 81)) + 30?
7
-7 + (-6 + 4 + 3 - (23 + -11))
-18
What is -2 + -3 + 10 + (-17 - 1)?
-13
Evaluate 16 + 31 + -32 + 9.
24
What is 12 + -1 + -2 + (2 - 3 - -10)?
18
(19 + -4 - (-6 - -2)) + -6
13
32 - ((0 - -1 - 6) + 7) - -10
40
2 + (3 + -11 - -8) + 4
6
Evaluate 14 - -2 - (231 + -207).
-8
Calculate 71 + -68 + 0 + 4.
7
Evaluate 0 + 7 - (22 + -26).
11
What is the value of (15 - 22 - (1 - 10)) + (7 - 2)?
7
Evaluate -2 + (38 - (-2 + 2 + 1)) + -10.
25
Evaluate 5 + -27 + (9 - 14 - -10).
-17
(-19 - -22) + -14 - (19 - (-2 + 4))
-28
-3 + 4 - -5 - 15
-9
Calculate -16 + 25 + -4 + -31.
-26
Evaluate (6 + -18 - -13) + 14.
15
What is -109 + 63 + 48 + (-13 + 0 - 1)?
-12
What is the value of 12 + -8 + (60 - 66 - (1 - 9))?
6
What is 0 - (-2 + -2) - (30 + -52 + 42)?
-16
Calculate 7 + -11 - (-11 - -14 - 10).
3
Evaluate 2 + 10 + 2 + -8 + -23 + 1.
-16
What is the value of 3 + -4 + -25 + 26 + (1 - -3)?
4
7 - -5 - 0 - (0 + -8 - -9)
11
What is (-11 + 4 - -4) + (-5 - (-21 + 16))?
-3
-3 + 2 + -4 + 1 + 5
1
Evaluate -13 - 1 - (1 + 2 + -1).
-16
23 + -12 + -4 + 6 + -1
12
Evaluate -8 + (-6 + -5 + 12 - -3).
-4
What is the value of 52 - 69 - (-8 + (-3 - -1))?
-7
Calculate 2 - 6 - (29 - 25 - (0 - 0)).
-8
3 - 1 - (-62 - -55)
9
Calculate 5 + -5 + (3 - -25 - 12).
16
(37 - 34) + 2 + 11 - 3
13
What is the value of -6 + 11 - 9 - (0 - 8)?
4
What is the value of ((10 - 0) + -4 - 8) + 14?
12
Evaluate 19 + 2 + -21 + 13.
13
What is 1 + 4 + -4 - 4 - (-4 - 8)?
9
(-6 - -1) + -8 + 20 + (-14 - 5)
-12
What is the value of 18 + (-11 - 4 - -3)?
6
Evaluate -11 + -9 + 10 + -6 + 7 + 21.
12
Calculate 16 + 2 + -3 - (24 + -34 - -20).
5
What is the value of -37 + (-14 - -40) - -22?
11
What is -16 + 12 + -3 + 14 - (19 + 3)?
-15
Calculate (7 - (-4 + 9 + -2)) + 10.
14
What is the value of -314 + 348 - ((3 - (0 - -2)) + 5)?
28
Evaluate 6 + (93 + -98 - (1 + -4)) + -1.
3
What is 18 + -1 - (-37 - (-40 - 0)) - -8?
22
What is (51 - 54) + (12 - -1) + -2 + -1?
7
-3 - ((-4 - (-12 + (-4 - -4))) + -4)
-7
Evaluate 2 + 24 + -14 + -16.
-4
Calculate 45 - 45 - (-16 + 9).
7
Evaluate 2 + 4 - 4 - (6 - -3).
-7
What is (-7 - -11 - -8) + -2?
10
Calculate -14 + -6 + 7 - 0.
-13
What is -9 + 20 - (0 - -8) - (-6 + 5)?
4
Calculate 14 + -1 - (35 - (7 - -2)).
-13
What is the value of 8 + 5 + -27 + -12 + 9?
-17
What is (-16 - -4) + -6 + -5 + 10?
-13
Evaluate -1 + 18 - (779 - 761).
-1
What is 0 + -21 + (-3 + (9 - 13) - -1)?
-27
What is 0 + 6 + 29 + -57 + 23?
1
Evaluate -2 + (-13 - (8 - 13)) + 2 + 2.
-6
Calculate -3 + 0 - (65 + (29 - 75)).
-22
What is the value of 0 - (1 - (-5 - -2)) - (130 - 118)?
-16
Evaluate -6 + 3 - 4 - (-10 - 18).
21
Calculate -8 + 0 - (106 + -108).
-6
What is the value of -41 + (-5 - -23) - -12?
-11
Evaluate -14 + -3 + 2 + (74 - 60).
-1
What is -31 - (24 + -7 + -34)?
-14
What is -6 + (-18 - -17) + -8 + -3?
-18
-7 - (-18 - (-8 + (-10 - -14)))
7
What is the value of (-2 - 17) + (-156 - -181)?
6
What is the value of (8 - (8 + 9 + -8)) + 14?
13
Evaluate 4 + 5 + -8 + 5 + (-5 - -10).
11
2 + -12 + -1 - (5 - 20)
4
Calculate -29 - (-67 + 7) - 14.
17
What is the value of 111 - 149 - (2 - 57)?
17
What is the value of 8 + (4 - 5) + (-8 - 0) + 11?
10
What is the value of (2 - -1) + 136 + -148 + 1 + 11?
3
What is the value of 4 + (4 - ((-8 - -13) + (22 - 4)))?
-15
What is 21 - (-7 + 3 - -3 - (18 - 20))?
20
Evaluate -8 + (9 + (8 - 14) - 3).
-8
Evaluate 42 - 41 - (3 - (-2 - (-10 + 4))).
2
(28 - (19 - 10)) + -10 - 25
-16
Evaluate -20 + 14 - (-1 + (27 - 8)).
-24
Evaluate (3 + -18 - -3) + 11 + -8.
-9
What is -27 + (17 - (15 - 42))?
17
What is the value of (-77 - -61) + 1 + 2?
-13
What is (35 - 39) + (-4 - 3)?
-11
What is 6 + -4 - (-2 - 14) - 10?
8
What is the value of 3 + -7 - (17 + -13 - -6)?
-14
-89 - -74 - (9 + 1)
-25
What is 18 - ((-18 - -15) + 11 + 3)?
7
What is the value of -2 - -2 - (-9 + (9 - (-14 + 10)))?
-4
Evaluate (-19 - -17) + -2 + 1 + 4 - 6.
-5
What is the value of (22 - 28) + (19 - -1)?
14
(-16 - -2 - -9 - 3) + 1 + -5
-12
(1 - 8) + (4 - (8 + (9 - 13)))
-7
Calculate -36 + (5 - -12) - (-6 - 2).
-11
What is the value of 40 - 37 - (1 - 2 - -9)?
-5
4 - (7 - (5 - 4))
-2
What is the value of 14 + -7 - (-3 - (5 - 4 - 1))?
10
What is the value of 3 - (72 + -76 - (-1 + -5))?
1
What is 4 + 1 + -8 + 12 + 0?
9
-2 + -4 - (-90 + 63)
21
-32 - -18 - (-2 + -20)
8
What is (37 - 21) + 0 - 25?
-9
What is the value of 23 - (78 - 19 - 31)?
-5
108 - 108 - (5 + -1)
-4
What is 23 - 28 - (6 + -7 - -11 - 6)?
-9
-9 + (-1 - (-58 + 7 + 16))
25
Calculate 7 + -15 + 3 + 10.
5
What is (0 - -22) + (-405 - -377)?
-6
Evaluate 34 + -20 - 29 - (-23 + -4).
12
Evaluate 19 - -11 - (-8 - (-1 + -18)).
19
Evaluate -20 + 7 + 3 - 3.
-13
What is (-34 - -20 - -5) + (0 - 5)?
-14
Calculate 86 + -98 + (6 - (-2 - 1)).
-3
What is the value of 0 - 2 - -3 - (0 - (-4 - -11))?
8
Calculate -7 + (3 + 0 - (16 + -34 - -17)).
-3
Evaluate (12 - 10) + -10 + -1 + (-5 - 0).
-14
What is the value of 8 - 0 - (48 + -32)?
-8
What is the value of 16 + (4 - (-3 - 1 - -8)) + 0?
16
-7 + 9 - -1 - (4 + 7 + 1)
-9
-1 + 13 + -32 + 26 + 3
9
Calculate 16 - 25 - (-1 + 1 - -1).
-10
Evaluate -6 + (7 - (-16 - (-4 + -2) - -1)).
10
Evaluate (